1/((12/g)/4). Suppose -w*y + 62 = 2. What is the units digit of y?
0
Suppose 0 = -w + 3*y + 878, 0*y = -5*w + 2*y + 4455. What is the hundreds digit of w?
8
Suppose v - 1560 = -z, 0 = 3*v - 7*v + 3*z + 6233. What is the tens digit of v?
5
What is the hundreds digit of (3150/60)/((-9)/(-66))?
3
Suppose x + 0*x = 4. Let z = -96 + 99. Suppose 0 = 4*s + t - 132, -x*t + 0*t = -z*s + 118. What is the tens digit of s?
3
What is the hundreds digit of 4056/(-3 + 11) - -5?
5
What is the tens digit of 34272/36 + -2 + 7?
5
Let c(h) = 13*h - 1. Let k be c(2). Suppose 28 = 11*w - 9*w. Let u = k - w. What is the units digit of u?
1
Suppose 5304 = 28*t + 6*t. What is the units digit of t?
6
Let m(t) = 154*t + 17. What is the hundreds digit of m(1)?
1
Let j = -15 + 15. Suppose k = -j*z - 2*z + 18, 3*z = k + 27. What is the units digit of z?
9
Let o = -72 - -231. Suppose 4*v = v - o. Let d = v + 83. What is the tens digit of d?
3
Let v = -85 + 31. Let n = v + 63. What is the units digit of n?
9
Let q = 365 - -393. What is the hundreds digit of q?
7
Suppose 5*x - y = 104, x + y - 5*y = 17. What is the tens digit of x?
2
Let m(h) = h**3 - 13*h**2 + 2*h - 19. Let s be m(13). Let g(y) = -y**3 + 8*y**2 - 5*y + 10. What is the units digit of g(s)?
4
Let w(b) = b**3 - b**2 - 22*b + 9. Let g be w(-5). Let i = 21 - g. What is the units digit of i?
2
What is the tens digit of -4 + 0 + 5219 + 18?
3
Let r(x) = -4*x**3 - 2*x**2 + 18*x + 66. What is the hundreds digit of r(-4)?
2
Let d = 68 - 66. Suppose 0 = -2*a - 6, 2*t - 673 = -d*t - a. What is the units digit of t?
9
Let a be -110 - ((-1 - -2) + 2). Let s = -53 - a. What is the units digit of s?
0
Let j be (-15 - -14)/(2/(-100)). Let q be ((-12)/(-5))/(3/j). Let m = 101 - q. What is the tens digit of m?
6
Suppose 6 = 4*v - 0*n - 2*n, 3*v - 3*n = 3. Suppose -v*l + 864 = 2*l. Suppose -l = 3*m - 6*m. What is the tens digit of m?
7
Let k(o) = 0*o**3 + 8 + 6*o**2 - o**2 - 4 - 3*o + o**3. What is the units digit of k(-3)?
1
Let u be 20/(-6)*12/(-10). Suppose 4*c + 196 = u*v, 0 = 5*c + 5 - 0. What is the units digit of v?
8
Let f(z) = -25*z - 7. Let n be f(-5). Suppose p - 5*w + 70 = 3*p, -w + n = 3*p. What is the tens digit of p?
4
Let z be 18/2*1355/15. Suppose z + 93 = 6*d. What is the units digit of d?
1
What is the units digit of (-75390)/(-165) - 1/(-11)?
7
Suppose -2*b - 3*p + 19 = 0, -3*b + 3*p + 13 + 8 = 0. Suppose 0*v - 80 = -b*v. What is the tens digit of v?
1
Suppose 0 = -y - 2 + 1. Let o be (-2)/1*y/(-2). What is the tens digit of 2 - (o + (1 - 31))?
3
Let k(l) = -3*l + 4. Suppose -r = -2*d + 17, -5*r + d = 64 - 15. What is the units digit of k(r)?
1
Suppose -705 + 3570 = 5*u. What is the units digit of u?
3
Suppose -r = 5, -29*r = -k - 31*r + 147. What is the tens digit of k?
5
Let t = 19 + -10. Suppose t*o + 14 = 8*o. What is the units digit of 10/4*o/(-5)?
7
Suppose -4*u + 21 = -5*x, 3*x = 5*u - u - 19. Suppose -u = 3*d + d. What is the tens digit of -8*(-2 - d)*4?
3
Let w(b) = 4*b - 13. Let r be w(5). Suppose -r*a + 6*a + 6 = 0. Suppose -y - 220 = -a*y. What is the tens digit of y?
4
Let x(p) = -p + 9 - 7*p**2 + 5*p**3 - 3*p**3 + 28*p**2. What is the tens digit of x(-9)?
6
Suppose x + 4*f = f + 217, 5*x + 2*f = 1046. Suppose -7*m = x - 964. What is the hundreds digit of m?
1
Let x be (-6)/8 + 1065/(-20). Let b = 212 - x. What is the hundreds digit of b?
2
Let y = 4471 - 1572. What is the units digit of y?
9
Let w(r) = r**3 + r**2 + 3*r - 4. Let k be w(-4). Let h = k - -244. Suppose 6*o - o = h. What is the tens digit of o?
3
What is the units digit of (8931 - (20 - 4))*2/5?
6
Let y(a) be the second derivative of -a**4/12 - 3*a**3/2 - a**2 + 7*a. What is the units digit of y(-7)?
2
Let b be 64/(-24)*(-6)/(-4). Let l(u) = -37*u - 22. What is the units digit of l(b)?
6
Let p = 1142 - 349. What is the hundreds digit of p?
7
Let f = 34 + -31. Suppose -2*g - 10 = f*g, 3*r - 2*g - 262 = 0. What is the units digit of r?
6
What is the tens digit of (-10)/(-4)*98464/340?
2
What is the units digit of (-8 + 13 - -1469) + -5?
9
Suppose d - 4*d - 9 = 0, -5*d = -4*h + 2799. What is the hundreds digit of h?
6
Let f(x) = x**3 + 19*x**2 + 9*x + 57. What is the units digit of f(-16)?
1
Let w be (8 + 0)*35/28. What is the tens digit of 1/w*5*194?
9
Let j(t) = 8*t + 19. Suppose 0 = 4*p + 2*p - 42. What is the tens digit of j(p)?
7
Let j = 928 + -611. What is the units digit of j?
7
Suppose -2 = k, -7*k = -c - 2*k - 134. Let a = c - -202. What is the tens digit of a?
5
Suppose 623 = -g + 2*g - 2*u, 0 = g - 5*u - 626. Suppose -3*l + g = 6*l. What is the tens digit of l?
6
Let p = 179 - 107. Suppose p*l - 71*l = 191. What is the units digit of l?
1
Let o(g) = -2*g**2 - 13*g + 10. Let b be o(-8). Let p(w) = -5*w + 3. What is the units digit of p(b)?
3
Suppose 472 - 34 = -3*t - 3*o, o - 574 = 4*t. Let i = -260 - t. Let b = -63 - i. What is the units digit of b?
3
Let a(v) = 97*v + 8. Let w be a(4). Suppose -w = -16*s + 14*s. Suppose 5*j - 206 = 4*p, -2*j - 2*p - s = -7*j. What is the tens digit of j?
3
Let b = -19 + 25. What is the tens digit of b + 58 - 3/1?
6
Suppose -2*s + 155 = 4*c - 3*s, -4*s = 3*c - 102. Suppose -3*f + 91 = -c. What is the tens digit of f?
4
Let u be (3 + 28/(-6))*-3. Suppose u = -o + 11. What is the units digit of o?
6
Let c = -2292 + 998. Let d be (-1)/4 - c/(-8). What is the units digit of d/3*1/(-2)?
7
What is the tens digit of 108 + (-14 + 10)/((-8)/6)?
1
Let y(n) be the first derivative of n**7/840 + n**6/360 + 11*n**4/24 + n**3/3 - 2. Let b(w) be the third derivative of y(w). What is the units digit of b(0)?
1
What is the tens digit of (-1949)/(-3) + 15/(-9)?
4
Let u = 279 + -138. What is the tens digit of u?
4
Suppose 2*k + 0*i - 5*i = 30, -i + 21 = 5*k. Suppose 0 = -w - 3*q - 8, -q + 11 = k*w - 3*q. What is the units digit of (-2 + 5)*w*10?
0
Suppose 0 = y - 6*y + 120. Suppose y = -3*a + 93. What is the tens digit of a?
2
Let o = -281 - -989. What is the tens digit of o?
0
Let y(d) = d**2 + 14*d - 71. What is the tens digit of y(-73)?
3
Let s(f) = f**2 + 3*f + 7. Suppose 13 = -6*t + 3*t + 2*k, 2*t - 2*k = -6. What is the units digit of s(t)?
5
Let u = -12 - -16. Suppose 4*i - u*y = 2*i - 8, -20 = 5*i + 4*y. Let g = i - -8. What is the units digit of g?
4
Let n(u) = 7*u - 3. Suppose 4*p = 6*p - 4. Suppose -4 = -3*a - p*a - 3*t, 5*t = -10. What is the units digit of n(a)?
1
Let j(m) = m**3 + 2*m**2 + 5*m - 4. Let d be j(4). Suppose 7*g - 3*g - d = 0. What is the units digit of g?
8
Let j(l) = -l**3 - 18*l**2 - 17*l + 25. Suppose 5*c + 89 = 2*d, -3*c - 40 = 4*d + 3. What is the tens digit of j(c)?
2
Suppose 10*d = -3*d + 1066. What is the units digit of d?
2
Suppose 2*w - 12 = -2. Suppose -282 = -w*c - 62. What is the units digit of c?
4
Let y(r) = 3*r**2 + 9*r + 16. Let s be y(9). Suppose 67*g = 63*g + s. What is the tens digit of g?
8
Let k(y) = -y**3 - 8*y**2 + 10*y + 11. Let o be k(-9). Suppose -q + 2*d + 35 = -o*d, -2*d = -4*q + 84. What is the tens digit of q?
1
Let h(r) = -10*r + 1 - 3 + 1. What is the units digit of h(-5)?
9
Let x(f) = -1239*f**3 - 2*f**2 + 5*f + 6. What is the units digit of x(-1)?
8
Suppose 0*p + 2 = 4*l - p, 9 = l + 4*p. Let i be (34 - -4)/1 - l. Suppose 0*v = -4*n - 2*v + 188, -n - 3*v = -i. What is the tens digit of n?
4
Let v be (-3 + 4)*(-4)/1. Let k be 1/(-2) - (-2)/v. Let u = 11 + k. What is the tens digit of u?
1
Suppose u + 4*c = 1026, -6198 + 1134 = -5*u + 2*c. What is the thousands digit of u?
1
Suppose 3*j - 25 = -2*j. Let r(z) = -j - 2*z + 3*z**3 - 3 + 2*z**2 + 6. What is the units digit of r(2)?
6
Let k be (-57)/95 + (-2)/5. What is the tens digit of -3 - (-73 - (k - -3))?
7
Suppose 2*m - 6 = 2. Let z(n) = -5*n**3 + n**2 + n. Let d be z(-1). Suppose -21 = -m*i - d. What is the units digit of i?
4
Let j be -1 + 9/4 + 72/96. Let r(n) = n - 1. Let t be r(1). What is the units digit of (j - t) + (-16)/(-4)?
6
Let b be (-2)/(-4) - (-249)/6. Let h(x) = -x**2 - 2*x**3 + 7*x**3 - b*x**3. What is the units digit of h(-1)?
6
What is the tens digit of (-808 - (-2)/2)*(-30)/45?
3
Suppose 2*w - 5*t = -2*t + 62, 0 = -t - 2. Let b = 30 + w. What is the units digit of b?
8
Suppose i + 128 = 5*i + 2*c, -3*i + 2*c = -110. Let b = -28 + i. Suppose 0 = -b*l + 8*l - 116. What is the 